ue
Suppose -52*t + 3611347 - 559599 = -38*t. Is t composite?
True
Let m = -11764 + 33271. Suppose -m - 2025 = -12*s. Is s a composite number?
True
Let o(z) = -1122*z - 113. Let n(l) = -l**3 - 21*l**2 - 34*l + 39. Let i be n(-19). Is o(i) prime?
False
Suppose 0 = -9*b + 7*b + 33368. Suppose -2*o + 8342 = -5*l, -3*o - b = -7*o - 2*l. Is o a composite number?
True
Suppose -5*a - o + 247800 = 0, -158265 = -5*a - 3*o + 89525. Is a composite?
True
Suppose 39*a - 4947 + 1398 = 0. Suppose 0 = -a*r + 94*r - 7251. Is r prime?
True
Let w be (24/(-20))/(4 - (-42)/(-10)). Is 40050/(15 - w) + -9 prime?
True
Is ((-1)/(-5) + (-96)/80)*(-2232723)/3 composite?
True
Suppose -a + 3*q - 30 = 0, -q + 29 = -4*a - 80. Let m = -396 - -208. Let g = a - m. Is g a composite number?
True
Let d(u) = -63*u + 792 - 803 + 175*u. Let s be (6 - (0 + 2))/1. Is d(s) a composite number?
True
Suppose -5*j = 4*o - 1228003, -4*j - 22*o = -18*o - 982404. Is j a prime number?
False
Suppose 5*g + 25003 - 282968 = 0. Is g prime?
True
Let b(c) = 285*c**2 + 5*c - 15. Let x be b(4). Suppose -3*p = -9646 - x. Is p a prime number?
False
Let q(w) = 33*w**2 + 511*w**2 - 7*w - 54 - 190*w**2 + 3 + 699*w**2. Is q(-5) a prime number?
True
Let d(z) = -z**3 - 12*z**2 + z + 12. Let g be d(-12). Suppose g = 3*w - 3*h - 10509, -h - 4 + 6 = 0. Is w composite?
True
Suppose w + 3*m = -w - 19, -5*w = -4*m - 10. Let x be (-16)/3*((-1)/w + -2). Suppose -4 = 2*v - x, 3*v = -3*b + 675. Is b a prime number?
True
Let m be (0 - -6) + 4149 - -2. Let k = -2563 + m. Is k composite?
True
Suppose -2*p - 3 = j - 3*p, -33 = -4*j - 5*p. Is ((-4)/5)/(((-24)/44130)/j) composite?
True
Suppose 5*f = -4*u + 14, 6*u = f + u + 3. Let k = 16 - 12. Suppose 2*m - k*m - 3*w = -391, 2*m - 386 = f*w. Is m a composite number?
True
Is ((-9778640)/(-24))/10*3 prime?
False
Let l(d) = 35*d**3 + 9*d**2 + 8 + 34*d**3 + d**2 - 68*d**3 - 5*d. Suppose 0*j - 3*j = 30. Is l(j) prime?
False
Let j(f) = -120635*f + 674. Is j(-3) prime?
False
Let t(d) = 4*d**3 - 52*d**2 - 77*d - 1. Is t(74) a composite number?
True
Suppose -p + 5*g = -0*p - 22959, -5*g = 25. Suppose 6*c - p = 4*c. Is c a prime number?
True
Let z(q) = 77*q**3 + 10*q**2 - 18*q - 13. Is z(4) prime?
True
Let w = 57 + -59. Is w/(-3) - 3/(36/(-21100)) prime?
True
Let s be (-2 + (-15)/(-6))/(5/(-60)). Let p be -4 + -3*2/s + 3. Suppose p*a + 4592 = 4*i + 4*a, -4*a = i - 1157. Is i prime?
False
Let f = 212833 - 131540. Is f prime?
True
Let o = -17594 + 29328. Suppose -8*h + o = -34434. Is h a composite number?
True
Is -12*(-58263)/12 + 8 prime?
True
Suppose 9*y - 2*v + 4286 = 11*y, 5*v = 15. Let q = y - 149. Is q a prime number?
False
Let i = -2401 - -603. Let w = 3117 + i. Is w prime?
True
Let k be 2/(-5) + (-176)/10. Let r be 23/4 - k/(-24). Suppose r*o - 2870 = 3*l, l - 2850 = -5*o - 0*l. Is o prime?
True
Let j(q) = 2*q**2 - 13*q + 9. Let m be j(6). Let y(v) = -20 + 223*v - 1 - m. Is y(11) a prime number?
False
Suppose 5*g = -4*z - 117, 3*z - 5*g + 19 = -25. Let f be 27/(-33) - ((-24)/33)/(-4). Is ((-2)/(-8)*f)/(z/115828) a prime number?
True
Let g be 800/(-300)*(683664/2)/(-2). Suppose -4*o - 28*o = -g. Is o a prime number?
True
Is (3195 + -1)/(34/289) a prime number?
False
Suppose 91354 = -9*s + 28363. Is (-28)/(-21)*s/(-4) a prime number?
True
Let p(b) = 309*b + 6. Let t be p(-5). Let v = 273 + -617. Let s = v - t. Is s composite?
True
Let k be 312/15 + 2/10. Let n(f) = 22*f**2 + 18 - f - 2 + 13*f + k. Is n(-7) a prime number?
True
Let o = 60 - 53. Let b(n) = n**2 - 6*n + 7. Let z be b(o). Let p(m) = 2*m**3 - 7*m**2 + 6*m - 17. Is p(z) a prime number?
False
Is (4 + 7189/(-2))/((-26)/52) composite?
True
Let n(w) = -389*w + 456. Let d be (-16)/(-2) + (-33 - -16). Is n(d) a composite number?
True
Suppose -21*j + 266 = -23*j. Let i = 120 - j. Is i composite?
True
Suppose 0 = 8*p - 5*p - 6. Suppose 5*g = 5*f + 629 + 1281, -5*g + 1896 = p*f. Let q = g - 89. Is q composite?
True
Let b be -29 + 1/(-1) + 6 + -11. Is (11846*(1 - 0))/(b + 37) prime?
True
Let t be (-3)/(2*1/(-18)). Suppose -t = -13*r + 4*r. Suppose r*f - 720 = 207. Is f a prime number?
False
Is (-1 - ((-669174)/8)/(-3))*(1861 + -1873) prime?
False
Suppose -4*o - 2*g - 2484 = 0, 0 = 2*o + 5*g + 733 + 493. Let u = o - -1254. Is u a composite number?
False
Suppose 0 = 5*o - 49 + 54. Let i be o/((-4)/(-12)*-3). Let q(f) = 121*f - 2. Is q(i) composite?
True
Let y be (1 - (2 + 0))*(-23 + 20). Suppose -y*q - 2*q = -l - 2763, -2771 = -5*q - 3*l. Is q a prime number?
False
Suppose -8*k + 88677 = 8189. Is k a prime number?
True
Suppose -8*d = -5*d - 4872. Let z be (-10)/5 - -1*2. Suppose z = -7*b - b + d. Is b a prime number?
False
Suppose -5*k = u - 217, 5*k - u = -5*u + 208. Suppose 6*s + 19 + 275 = 0. Let b = k - s. Is b prime?
False
Suppose 5*q - 2*h - 16956 = -4*h, -13545 = -4*q + 5*h. Suppose 3*k - 693 = q. Is k composite?
False
Let m(i) = -10*i**3 - 20*i**2 - 22*i + 5. Suppose 6*h + 13 = -29. Is m(h) a composite number?
False
Suppose -2*n + 102204 = -2*j + 7*j, 5*j = -n + 51107. Is n a composite number?
True
Suppose -16*o + 32 + 16 = 0. Suppose o*h = -4*f + 34983, -h + 2*f = 4*f - 11663. Is h a prime number?
True
Suppose -26*f = 997721 - 148509. Let p = f - -53873. Is p a prime number?
True
Let y = 152 + -147. Suppose -y*s = -d + 866, -3*d + 4252 = 2*d + s. Is d a composite number?
True
Let y be (4/8)/(2/44). Suppose -y*g = -5*g + 4398. Let u = g + 1200. Is u a composite number?
False
Let l = 202 + -135. Let o(t) = t**2 - t. Let a be o(2). Is (-7)/(a + (-135)/l) a composite number?
True
Suppose 0 = -d + 2*d - 1144. Suppose 0 = d*f - 1148*f + 4748. Is f a prime number?
True
Let z(t) = 2759*t + 27. Let s(g) = -2*g**3 - 21*g**2 + 13*g + 24. Let c be s(-11). Is z(c) a composite number?
True
Let o(g) = 2374*g**2 + 7*g - 11. Let a be o(2). Suppose 0*s + 7*s = a. Is s prime?
False
Suppose 167*t = 160*t + 2330233 + 696238. Is t a prime number?
False
Let a(z) = -4*z**3 - 7*z**2 + 4*z - 17. Let d be a(7). Let x = -835 - d. Is x a composite number?
True
Suppose 4*j = 6*j + 4*o + 8874, 3*j + 2*o + 13303 = 0. Let s = -106 - j. Is s a prime number?
True
Let f = 4119089 + -2147827. Is f prime?
False
Suppose -156 = -15*t + 11*t. Is (-2)/12*-2 + 100568/t a prime number?
True
Suppose 1946 = 4*g + 2*y, -5*g - y + 530 + 1907 = 0. Let o be (-42)/14 + (-2 - g). Is -2 - (o + 20/5) a prime number?
True
Let p = 10 + 0. Let w be -101*(-2 - (-6)/4)*p. Let n = w - -912. Is n a composite number?
True
Let n(p) = 0 - 7 + 5*p**2 + 17 - 2*p**3. Let b be n(5). Is 10/(450/b - -4) prime?
False
Let g(o) = -61*o**3 + 13*o**2 + 14*o - 47. Let j(b) = b**3 - 2*b - 1. Let k(d) = -g(d) + j(d). Is k(7) prime?
True
Let a(r) = r**3 + 8*r**2 + 9*r - 17. Let j be a(-5). Suppose -8*v + 35 = -j*v. Is (0 - 172/2)/(2/v) composite?
True
Let v(n) = 3*n**2 + n - 13. Suppose -d + 12 + 1 = -4*p, 0 = -d - 3*p - 1. Is v(d) composite?
False
Suppose -323*c - 3*c = -65346374. Is c a composite number?
True
Let g(i) = i**3 + 19*i**2 + 61*i + 13. Let q be g(-15). Is q/(-3) + (-337645)/(-165) composite?
True
Suppose -23*q - 4*x + 2726 = -20*q, -5*q - 5*x = -4550. Let a = q + 1020. Is a a composite number?
True
Suppose -5*z + 29047 = -2*n + 9355, n - 3944 = -z. Suppose v = 2*h + 2179, 3*h - 2615 = -3*v + z. Is v a prime number?
False
Suppose a - 176 = -10*a. Suppose 18*d - a*d = 2292. Suppose 10*r - d = 4*r. Is r a composite number?
False
Let n(i) = 0*i**2 + 0*i - 3*i - 2*i**2 + 181 - 179. Let c be n(1). Is (c/(-6))/((-2)/(-2348)) a composite number?
False
Let j(m) = -131*m**3 + 2*m**2 + 3*m + 2. Let k be j(-2). Suppose 2*h - 470 = k. Is h composite?
False
Let g be 3042/(-63) + 4*4/56. Let u = g - -7685. Is u composite?
True
Let r(f) = 25*f**2 + 3*f + 16181. Is r(0) a composite number?
True
Let u(h) = -421*h**3 + 8*h - 6. Let v be u(-3). Suppose -79*z = -80*z + v. Is z prime?
False
Let s(w) = -w**2 - 8*w - 8. Let j be s(-6). Suppose -4*t + 3*t = -4. Suppose -m + j = 0, 4*m = t*k - 1013 - 2575. Is k prime?
False
Let d = 68130 + 694331. Is d composite?
True
Let j(s) = 32*s**3 - 17*s**2 - 18*s + 286. Is j(15) a prime number?
False
Suppose 0 = w + p - 2*p, -5*w - 3*p = -32. Suppose -n + 2109 = -2*a, 0 = -n + a - w*a + 2094. Is n composite?
True
Suppose -n = 5*t - 114 + 22, 3*t + 4*n = 62. Suppose -t